
83
Let f(n) = -28*n - 108. Give f(-4).
4
Let v(m) = m**3 - 14*m**2 - 47*m + 36. Determine v(17).
104
Let a(s) = -27*s**3 - 163*s**2 + 23*s + 156. Calculate a(-6).
-18
Let d(o) = 106*o + 2228. What is d(-21)?
2
Let w(f) = -f**3 + 38*f**2 - 328*f + 26. Give w(13).
-13
Let c(q) = q**2 - 29*q + 148. Calculate c(8).
-20
Let l(k) = -k**3 - 18*k**2 - 28*k - 18. What is l(-6)?
-282
Let p(s) = s**2 - 13*s - 706. Calculate p(-21).
8
Let g(z) = -z**3 - 14*z**2 - 8*z + 303. Give g(-7).
16
Let o(h) = h**3 + 14*h**2 - 914*h - 87. Determine o(-38).
-11
Let v(f) = 92*f + 29. What is v(3)?
305
Let k(w) = w**2 + 18*w - 27. What is k(-17)?
-44
Let z(b) = b**3 - 8*b**2 - 12*b + 92. Calculate z(8).
-4
Let l(k) = 19*k - 1342. Calculate l(72).
26
Let h(q) = -2*q**2 - 60*q. Determine h(-32).
-128
Let b(k) = k**3 + 12*k**2 + 23*k - 73. Calculate b(-10).
-103
Let g(q) = q**3 + 33*q**2 + 40*q + 271. What is g(-32)?
15
Let q(w) = 3*w**3 - w**2 - w + 22. Determine q(0).
22
Let a(n) = -n**3 + 30*n**2 + 55*n + 276. Determine a(32).
-12
Let g(t) = 16*t**2 + 701*t + 521. Determine g(-43).
-38
Let a(m) = 16*m + 124. Determine a(-4).
60
Let q(k) = -16*k - 685. Calculate q(-35).
-125
Let d(r) = r**2 - 390*r + 27820. What is d(94)?
-4
Let o(m) = m**3 - 2*m**2 + 24*m - 66. Calculate o(3).
15
Let k(l) = -l**2 - 19292*l - 77147. Calculate k(-4).
5
Let d(w) = -2*w**3 - 61*w**2 - 139*w + 17. What is d(-28)?
-11
Let h(o) = -2*o**3 - 508*o**2 + 26*o + 6627. Calculate h(-254).
23
Let d(c) = 274*c - 12375. Calculate d(45).
-45
Let t(u) = 2*u**3 + 16*u**2 - 172*u - 44. Give t(-14).
12
Let m(b) = -5*b - 125. What is m(-58)?
165
Let j(n) = -n**3 - 46*n**2 + 3*n - 3. Calculate j(0).
-3
Let c(y) = -57*y - 713. What is c(-14)?
85
Let j(g) = 50*g**3 + 2*g**2 + 21*g + 21. What is j(-1)?
-48
Let a(y) = -3*y**2 - 160*y + 250. What is a(-55)?
-25
Let w(t) = 1584*t - 19002. Determine w(12).
6
Let b(m) = -27*m - 402. Determine b(-13).
-51
Let s(n) = -10*n + 208. Calculate s(12).
88
Let b(l) = 2*l**2 + 38*l + 257. Determine b(-7).
89
Let j(n) = -n - 139. Determine j(17).
-156
Let v(h) = 43*h + 109. Calculate v(-6).
-149
Let b(x) = x**3 - 24*x**2 + 21*x + 64. Give b(23).
18
Let a(s) = -50*s + 214. What is a(7)?
-136
Let z(j) = -39*j**2 - 6012*j - 921. What is z(-154)?
3
Let p(a) = -3*a**2 + 596*a + 795. Determine p(200).
-5
Let f(c) = -8*c**2 - 67*c + 77. Give f(-9).
32
Let o(h) = -2*h**3 + 42*h**2 + 46*h - 1003. Determine o(21).
-37
Let u(o) = 47*o**2 + 1268*o - 20. Give u(-27).
7
Let f(w) = -w**3 - 22*w**2 - 51*w - 961. Determine f(-22).
161
Let z(x) = -2*x**3 + 24*x**2 - 2*x - 405. What is z(10)?
-25
Let t(j) = j**2 + 35*j - 40. Determine t(-26).
-274
Let o(s) = 34*s + 2143. What is o(-70)?
-237
Let n(v) = 2*v**2 + 21*v - 1742. Calculate n(-35).
-27
Let c(x) = x**3 - 53*x**2 + 67*x + 1770. Give c(51).
-15
Let s(d) = 57*d - 867. What is s(10)?
-297
Let g(r) = -4*r**2 - 107*r - 490. What is g(-21)?
-7
Let t(g) = -g**3 + 69*g**2 + 67*g + 228. Give t(70).
18
Let o(d) = 57*d + 279. What is o(-3)?
108
Let m(w) = 2*w**2 - 40*w - 113. What is m(22)?
-25
Let y(i) = i**2 + 25*i - 1327. Give y(25).
-77
Let n(s) = -121*s - 3995. What is n(-33)?
-2
Let h(z) = -z**2 - 7*z + 3. What is h(2)?
-15
Let w(n) = -4*n**2 - 82*n + 503. Determine w(5).
-7
Let b(q) = 1397*q - 4180. Calculate b(3).
11
Let g(v) = v**2 + 50*v - 585. What is g(-60)?
15
Let h(a) = 2*a**2 + 49*a - 306. Determine h(-30).
24
Let x(h) = -h**3 - 3*h**2 + 5*h - 51. Calculate x(-7).
110
Let m(c) = -c - 199. Determine m(-209).
10
Let p(t) = 2*t**3 - 14*t**2 + 43*t - 6. What is p(5)?
109
Let n(p) = 58*p - 51. What is n(2)?
65
Let p(b) = 11*b**2 + 21*b - 17. What is p(0)?
-17
Let r(v) = -25*v - 9. What is r(3)?
-84
Let x(t) = -t**3 + 29*t**2 + 548*t - 65. Determine x(42).
19
Let g(f) = -93*f**2 - 3*f + 25. Calculate g(0).
25
Let n(c) = 18*c**3 - c**2 + 35*c - 35. What is n(1)?
17
Let w(j) = 4*j**2 + 177*j + 181. What is w(-44)?
137
Let f(z) = -60*z - 414. What is f(-7)?
6
Let c(n) = -4184*n + 267772. What is c(64)?
-4
Let j(u) = u**3 + 44*u**2 - 49*u - 186. What is j(-45)?
-6
Let n(r) = 25*r + 377. What is n(-15)?
2
Let g(p) = p**2 + 10*p - 53. Determine g(4).
3
Let n(c) = 2*c**3 - 15*c**2 + 71*c - 278. What is n(5)?
-48
Let o(v) = -23*v**2 - 2874*v + 143. Calculate o(-125).
18
Let y(m) = 1865*m - 54090. What is y(29)?
-5
Let b(h) = h**3 + 12*h**2 - 41*h + 47. What is b(-15)?
-13
Let x(p) = 2*p**3 + 48*p**2 + 284*p + 133. Determine x(-9).
7
Let s(a) = -3*a**2 - 242*a - 1019. Calculate s(-76).
45
Let n(i) = -98*i - 583. Calculate n(-5).
-93
Let a(g) = -23*g**2 - 394*g - 43. What is a(-17)?
8
Let o(s) = -2*s**3 - 50*s**2 - 128*s - 4688. Give o(-26).
-8
Let q(y) = 3040*y - 27357. What is q(9)?
3
Let f(g) = -g**2 + 1528*g + 12301. Give f(-8).
13
Let r(p) = p**3 + 2*p**2 - 233*p - 1082. Determine r(-5).
8
Let b(l) = -2*l**2 + 39*l - 109. What is b(3)?
-10
Let k(c) = 12*c - 140. Determine k(9).
-32
Let x(i) = -4*i + 167. Calculate x(26).
63
Let q(u) = u**3 + 24*u**2 + 51*u + 90. Give q(-22).
-64
Let y(m) = m**3 + 22*m**2 + 18*m + 355. Give y(-22).
-41
Let t(p) = -155*p**2 - 300*p + 35. Give t(-2).
15
Let c(u) = -384*u + 3823. Calculate c(10).
-17
Let w(j) = 44*j**2 - 4884*j - 35. Determine w(111).
-35
Let o(a) = -a**3 - 8*a**2 + a + 70. Give o(-4).
2
Let p(h) = -h**2 + 26*h - 151. Determine p(11).
14
Let f(g) = g**3 - 35*g**2 - 488*g - 828. Calculate f(46).
0
Let p(i) = 5*i - 68. Give p(-3).
-83
Let q(s) = -3*s**3 - 2*s**2 - 8*s - 33. Calculate q(-3).
54
Let b(m) = -199*m + 6978. Determine b(35).
13
Let b(p) = -8*p**2 + p + 4. Give b(3).
-65
Let y(n) = 4*n**2 - 116*n + 812. What is y(12)?
-4
Let r(m) = -m**3 + 10*m**2 + 21*m - 119. Give r(3).
7
Let f(r) = -297*r**3 + r**2 + r - 1. Determine f(1).
-296
Let a(c) = -5*c**2 + 51*c - 98. Determine a(7).
14
Let f(c) = 43*c - 654. Calculate f(15).
-9
Let b(q) = 75*q**2 + 163. Calculate b(0).
163
Let j(q) = -3*q**3 - 80*q**2 + 407*q + 120. Give j(-31).
-4
Let x(u) = 11*u**3 + 19*u**2 + 7*u + 3. Determine x(-3).
-144
Let h(u) = -u**2 + 398*u + 2847. Give h(-7).
12
Let m(i) = -66*i - 1715. What is m(-25)?
-65
Let i(y) = 13*y - 647. What is i(49)?
-10
Let x(f) = -94*f - 1556. Determine x(-18).
136
Let q(f) = -759*f + 768. What is q(1)?
9
Let l(v) = -36*v - 2031. Give l(-57).
21
Let m(s) = -s + 110. Calculate m(57).
53
Let q(z) = 12*z**2 + 588*z + 6127. Calculate q(-34).
7
Let g(l) = -120*l + 3067. Give g(28).
-293
Let l(m) = -2*m**2 - 2*m + 46. Determine l(14).
-374
Let u(s) = s**3 + 13*s**2 + 35*s + 27. Calculate u(-10).
-23
Let w(y) = -y**3 - 37*y**2 - 2*y - 96. Calculate w(-37).
-22
Let h(z) = -6*z - 20. Determine h(8).
-68
Let j(s) = s**3 + 9*s**2 - 3*s + 522. Calculate j(0).
522
Let f(l) = -l**2 + 2*l + 129. Calculate f(11).
30
Let z(x) = 16*x**2 + 208*x - 18. Determine z(-13).
-18
Let x(y) = -y**3 + 6*y**2 - 17*y + 31. Determine x(4).
-5
Let a(k) = 5*k**3 + 4*k**2 - 16*k + 10. Calculate a(3).
133
Let d(p) = -p**3 - 30*p**2 - 195*p + 42. Determine d(-21).
168
Let g(c) = 2*c**2 + 1000*c - 25149. Give g(-524).
3
Let s(c) = -37*c - 30. What is s(0)?
-30
Let v(n) = -n**2 + 38*n - 147. Determine v(34).
-11
Let k(w) = 61*w**2 - 29*w + 1. Give k(3).
463
Let v(i) = 5*i**2 + 49*i + 6. What is v(-8)?
-66
Let i(t) = 54*t + 7338. Give i(-136).
-6
Let l(d) = 2*d - 76. Calculate l(49).
22
Let r(n) = 3*n**3 + 13*n**2 - 4*n - 20. Give r(-5).
-50
Let i(c) = 880*c + 4961. Calculate i(-6).
-319
Let i(a) = -72*a + 1004. Calculate i(14).
-4
Let a(z) = z**2 - 21*z + 137. Calculate a(6).
47
Let a(k) = -117*k - 2691. Give a(-23).
0
Let j(g) = -27*g**3 + 2*g**2 + 3*g - 2. Calculate j(-2).
216
Let w(f) = -2*f**3 - 17*f**2 + 28*f + 25. Calculate w(3).
-98
Let y(s) = 5*s**3 + s**2 + 109*s - 531. Determine y(5).
664
Let f(v) = -49*v - 1066. Give f(-17).
-233
Let i(g) = 3*g**2 - 93*g - 61. What is i(31)?
-61
Let g(m) = -m**3 - 8*m**2 + 14*m - 1. Give g(-5).
-146
Let s(x) = -260*x**2 - 1295*x - 19. Determine s(-5).
-44
Let i(z) = 2*z**3 - 97*z**2 - 44*z - 184. Calculate i(49).
61
Let f(t) = -18*t - 1083. What is f(-61)?
15
Let q(c) = c**3 + 10*c**2 + 26*c + 82. What is q(-8)?
2
Let j(d) = 2*d**3 + 61*d**2 + 30*d - 12. Give j(-30).
-12
Let l(k) = 539*k + 5664. Determine l(-10).
274
Let n(y) = y**2 + 84*y - 4488. Determine n(37).
-11
Let p(g) =